{"id":8047,"date":"2022-04-09T16:10:55","date_gmt":"2022-04-09T16:10:55","guid":{"rendered":"https:\/\/kocaeli.worldpest.com.tr\/?page_id=8047"},"modified":"2022-04-15T16:04:42","modified_gmt":"2022-04-15T16:04:42","slug":"hakkimizda","status":"publish","type":"page","link":"https:\/\/kocaeli.worldpest.com.tr\/?page_id=8047","title":{"rendered":"Hakk\u0131m\u0131zda"},"content":{"rendered":"<section class=\"l-section wpb_row height_custom\"><div class=\"l-section-h i-cf\"><div class=\"g-cols vc_row via_grid cols_1 laptops-cols_inherit tablets-cols_inherit mobiles-cols_1 valign_top type_default stacking_default\"><div class=\"wpb_column vc_column_container\"><div class=\"vc_column-inner\"><div class=\"wpb_text_column\"><div class=\"wpb_wrapper\"><p>Worldpest Ha\u015fere \u0130la\u00e7lama firmam\u0131z, \u00f6ncelikli olarak ha\u015fere ila\u00e7lama ve zararl\u0131lar\u0131 kontrol alt\u0131na alma konular\u0131nda \u00e7evreci ilkeler benimsemi\u015f, k\u00f6kl\u00fc bir yap\u0131 ile gen\u00e7 dinamik personel kadrosuna sahip bir kurulu\u015ftur. Sa\u011fl\u0131k bakanl\u0131\u011f\u0131 iznimiz, biyosidal uygulama sertifikalar\u0131m\u0131z ve periyodik g\u00f6zetim ve denetimlerden ge\u00e7erek s\u0131n\u0131f\u0131nda al\u0131\u015f\u0131lm\u0131\u015f y\u00f6ntemlerden s\u0131yr\u0131larak \u00f6zg\u00fcn metotlar\u0131m\u0131z ile m\u00fc\u015fteri memnuniyet odakl\u0131 \u00e7al\u0131\u015fmaktay\u0131z.<\/p>\n<p><strong>Neden Worldpest; \u201c\u00d6NCEL\u0130KLE \u00c7ALI\u015eMALARIMIZI %100 GARANT\u0130 \u0130LE SONU\u00c7LANDIRIYORUZ.\u201d<\/strong><\/p>\n<p>*M\u00fc\u015fterilerimizden gelen talepler do\u011frultusunda, sorunu \u00e7\u00f6zmek i\u00e7in \u00f6nceden uzman ki\u015filerce olu\u015fan ekiplerden ke\u015fif yaparak, do\u011fru uygulamay\u0131 ve miktar\u0131n\u0131 kararla\u015ft\u0131rmak.<br \/>\n*Tehlike b\u00f6lgesi olu\u015fturarak uygulama an\u0131nda ve sonras\u0131nda belli bir s\u00fcreye kadar canl\u0131 ba\u011flant\u0131lar\u0131n\u0131 kesmek.<br \/>\n*Sorunun kayna\u011f\u0131n\u0131 tespit ederek, m\u00fc\u015fteri ve alanda ya\u015fayan bireyleri bilgilendirerek k\u0131smi \u00f6nlem almalar\u0131n\u0131 sa\u011flamak ve konu hakk\u0131nda brifingler vermek.<br \/>\n*S\u0131n\u0131f\u0131nda farkl\u0131 olarak, \u00e7evreci bir yakla\u015f\u0131m ile alan d\u0131\u015f\u0131na kimyasal ve insektisit yayarak di\u011fer canl\u0131lar\u0131 ve eko sisteme b\u00fcy\u00fck zararlar verecek fum\u00fcgasyon gibi tehlikeli uygulamalar\u0131 tercih etmemek.<br \/>\n*M\u00fc\u015fteri kayd\u0131 olu\u015fturarak uygulama sonras\u0131nda 14. g\u00fcn \u00e7a\u011fr\u0131 merkezimizden arayarak hizmet kayd\u0131 hakk\u0131nda d\u00fc\u015f\u00fcncelerini sormak.<br \/>\n*Yapt\u0131\u011f\u0131m\u0131z her uygulama en az 6, en \u00e7ok 12 iki ay olmak \u00fczere firmam\u0131z taraf\u0131ndan garanti edilerek bu zaman i\u00e7erisinde n\u00fckseden vakalar i\u00e7in tekrardan \u00fccretsiz uygulama ile g\u00fcven vermekteyiz.<br \/>\n*\u00c7a\u011fr\u0131 merkezimizde kendi m\u00fc\u015fterimiz olma ko\u015fulu aranmaks\u0131z\u0131n arayan her vatanda\u015f\u0131m\u0131za \u00fccretsiz bilgi ile ev-i\u015f yeri gibi mekanlar\u0131na \u00fccretsiz ke\u015fif g\u00f6nderme hakk\u0131n\u0131 veriyoruz.*Sa\u011fl\u0131k bakanl\u0131\u011f\u0131 izin ve \u00e7al\u0131\u015fan uzman kadro ve yeterlilik belgesi ile biyosidal \u00fcr\u00fcn uygulama servisi raporlar\u0131yla kurumsal firma olarak kaliteli hizmet fark\u0131n\u0131 ya\u015fat\u0131yoruz.<\/p>\n<\/div><\/div><\/div><\/div><\/div><\/div><\/section>\n","protected":false},"excerpt":{"rendered":"","protected":false},"author":1,"featured_media":8134,"parent":0,"menu_order":0,"comment_status":"closed","ping_status":"closed","template":"","meta":{"_joinchat":[],"footnotes":""},"class_list":["post-8047","page","type-page","status-publish","has-post-thumbnail","hentry"],"_links":{"self":[{"href":"https:\/\/kocaeli.worldpest.com.tr\/index.php?rest_route=\/wp\/v2\/pages\/8047","targetHints":{"allow":["GET"]}}],"collection":[{"href":"https:\/\/kocaeli.worldpest.com.tr\/index.php?rest_route=\/wp\/v2\/pages"}],"about":[{"href":"https:\/\/kocaeli.worldpest.com.tr\/index.php?rest_route=\/wp\/v2\/types\/page"}],"author":[{"embeddable":true,"href":"https:\/\/kocaeli.worldpest.com.tr\/index.php?rest_route=\/wp\/v2\/users\/1"}],"replies":[{"embeddable":true,"href":"https:\/\/kocaeli.worldpest.com.tr\/index.php?rest_route=%2Fwp%2Fv2%2Fcomments&post=8047"}],"version-history":[{"count":3,"href":"https:\/\/kocaeli.worldpest.com.tr\/index.php?rest_route=\/wp\/v2\/pages\/8047\/revisions"}],"predecessor-version":[{"id":8136,"href":"https:\/\/kocaeli.worldpest.com.tr\/index.php?rest_route=\/wp\/v2\/pages\/8047\/revisions\/8136"}],"wp:featuredmedia":[{"embeddable":true,"href":"https:\/\/kocaeli.worldpest.com.tr\/index.php?rest_route=\/wp\/v2\/media\/8134"}],"wp:attachment":[{"href":"https:\/\/kocaeli.worldpest.com.tr\/index.php?rest_route=%2Fwp%2Fv2%2Fmedia&parent=8047"}],"curies":[{"name":"wp","href":"https:\/\/api.w.org\/{rel}","templated":true}]}}