{"id":8169,"date":"2022-04-27T08:26:04","date_gmt":"2022-04-27T08:26:04","guid":{"rendered":"https:\/\/kocaeli.worldpest.com.tr\/?page_id=8169"},"modified":"2022-04-27T15:20:47","modified_gmt":"2022-04-27T15:20:47","slug":"agackurdu-tahtakurdu","status":"publish","type":"page","link":"https:\/\/kocaeli.worldpest.com.tr\/?page_id=8169","title":{"rendered":"A\u011fa\u00e7kurdu &#8211; Tahtakurdu"},"content":{"rendered":"<h2>A\u011fa\u00e7 Kurdu Hakk\u0131nda Bilgi<\/h2>\n<p><strong>A\u011fa\u00e7 kurdu<\/strong>; siyah, koyu kahve ve k\u0131rm\u0131z\u0131ms\u0131 bir renge sahiptir. Uzunlu\u011fu 3 ile 5 mm oval bir v\u00fccut yap\u0131s\u0131 ve 6 adet baca\u011fa vard\u0131r. Ya\u015fam \u015fartlar\u0131 ihtiya\u00e7 duydu\u011fu 30 ve 35 C s\u0131cakl\u0131k, nem ve ah\u015fap olan her yerde bulunmas\u0131 gayet tabiidir.<\/p>\n<p><strong>A\u011fa\u00e7 kurdu<\/strong> yumurtalar\u0131n\u0131 mobilya, dolap, parke ve kap\u0131 \u00e7atlaklar\u0131na kolay \u00e7\u00fcr\u00fcyebilmesi i\u00e7in \u00f6zel s\u0131v\u0131 salg\u0131layarak b\u0131rak\u0131r. Daha sonra olu\u015fan larva bulundu\u011fu ah\u015fab\u0131 kemirerek i\u00e7eri do\u011fru oyarak ilerler, haftalarca oyuklarda ya\u015fayan larvalar beslendik\u00e7e b\u00fcy\u00fcmeye ve eri\u015fkin hal almaya ba\u015flarlar. G\u00fcn ge\u00e7tik\u00e7e g\u00fc\u00e7lenerek daha da \u00e7ok tahribata yol a\u00e7an ha\u015ferelerin, gece sessizli\u011finde kemirdikleri ah\u015faplardan \u00e7\u0131kard\u0131klar\u0131 g\u00fcr\u00fclt\u00fcye dayan\u0131lmas\u0131 bir hayli zordur.<\/p>\n<h2>Tahta Kurdu Zararl\u0131s\u0131<\/h2>\n<p>Bu durumda odun olan her \u015feyi kemiren bu ha\u015fereler geride sadece toz halinde kemirilmi\u015f i\u00e7i bo\u015f ah\u015faplar b\u0131rak\u0131r. Uzun bir aradan sonra sakland\u0131klar\u0131 inlerinden s\u0131yr\u0131larak, g\u00fcn y\u00fcz\u00fcne \u00e7\u0131karlar ve bu zaman zarf\u0131nda pek beslendikleri g\u00f6r\u00fclmemi\u015flerdir. Bu do\u011fal ya\u015fam sonunun habercisidir. A\u00e7 kalarak yakla\u015f\u0131k bir ay sonra \u00f6l\u00fcrler ancak \u00f6len b\u00f6cekler geride y\u00fczlerce yumurta b\u0131rakt\u0131klar\u0131 i\u00e7in hi\u00e7bir zaman kendili\u011finden t\u00fckenmezler. Buna ba\u011fl\u0131 olarak bulunduklar\u0131 yerde s\u00fcrekli var olacaklard\u0131r.<\/p>\n<h2>Tahta Kurdu \u0130la\u00e7lama<\/h2>\n<p><strong>Tahta kurdu fark edilmesi<\/strong> ve kontrol alt\u0131na al\u0131nmas\u0131 bir hayli zordur. Bu durumda yap\u0131lacak tek \u015fey ila\u00e7 uygulamas\u0131d\u0131r. Ancak tahta kurdu ila\u00e7lamas\u0131, bilgi isteyen bir y\u00f6ntem e\u015fli\u011finde y\u00fcr\u00fct\u00fclmelidir. Olduklar\u0131 yo\u011funlu\u011fa g\u00f6re ila\u00e7 dozaj\u0131 ve uygulanacak insektisitin uygun olmas\u0131 ile profesyonel ki\u015filer taraf\u0131ndan operasyonun ger\u00e7ekle\u015fmesi gerekmektedir\u2026Buna mukabil sa\u011fl\u0131k bakanl\u0131\u011f\u0131 onayl\u0131 <strong>ha\u015fere kontrol merkezlerinden<\/strong> yard\u0131m istemeniz en do\u011fru se\u00e7imdir. Bu konuda \u00fccretsiz bilgi ve evinize \u00fccretsiz ke\u015fif i\u00e7in l\u00fctfen <a href=\"http:\/\/www.worldbocekilaclama.com\/iletisim\/\">ileti\u015fim<\/a> k\u0131sm\u0131nda 7\/24 canl\u0131 m\u00fc\u015fteri destek hatt\u0131n\u0131 aray\u0131n\u0131z.<\/p>\n<p>&nbsp;<\/p>\n","protected":false},"excerpt":{"rendered":"<p>A\u011fa\u00e7 Kurdu Hakk\u0131nda Bilgi A\u011fa\u00e7 kurdu; siyah, koyu kahve ve k\u0131rm\u0131z\u0131ms\u0131 bir renge sahiptir. Uzunlu\u011fu 3 ile 5 mm oval bir v\u00fccut yap\u0131s\u0131 ve 6 adet baca\u011fa vard\u0131r. Ya\u015fam \u015fartlar\u0131 ihtiya\u00e7 duydu\u011fu 30 ve 35 C s\u0131cakl\u0131k, nem ve ah\u015fap olan her yerde bulunmas\u0131 gayet tabiidir. A\u011fa\u00e7 kurdu yumurtalar\u0131n\u0131 mobilya, dolap, parke ve kap\u0131 \u00e7atlaklar\u0131na&#8230;<\/p>\n","protected":false},"author":1,"featured_media":0,"parent":0,"menu_order":0,"comment_status":"closed","ping_status":"closed","template":"","meta":{"_joinchat":[],"footnotes":""},"class_list":["post-8169","page","type-page","status-publish","hentry"],"_links":{"self":[{"href":"https:\/\/kocaeli.worldpest.com.tr\/index.php?rest_route=\/wp\/v2\/pages\/8169","targetHints":{"allow":["GET"]}}],"collection":[{"href":"https:\/\/kocaeli.worldpest.com.tr\/index.php?rest_route=\/wp\/v2\/pages"}],"about":[{"href":"https:\/\/kocaeli.worldpest.com.tr\/index.php?rest_route=\/wp\/v2\/types\/page"}],"author":[{"embeddable":true,"href":"https:\/\/kocaeli.worldpest.com.tr\/index.php?rest_route=\/wp\/v2\/users\/1"}],"replies":[{"embeddable":true,"href":"https:\/\/kocaeli.worldpest.com.tr\/index.php?rest_route=%2Fwp%2Fv2%2Fcomments&post=8169"}],"version-history":[{"count":3,"href":"https:\/\/kocaeli.worldpest.com.tr\/index.php?rest_route=\/wp\/v2\/pages\/8169\/revisions"}],"predecessor-version":[{"id":8362,"href":"https:\/\/kocaeli.worldpest.com.tr\/index.php?rest_route=\/wp\/v2\/pages\/8169\/revisions\/8362"}],"wp:attachment":[{"href":"https:\/\/kocaeli.worldpest.com.tr\/index.php?rest_route=%2Fwp%2Fv2%2Fmedia&parent=8169"}],"curies":[{"name":"wp","href":"https:\/\/api.w.org\/{rel}","templated":true}]}}