{"id":8171,"date":"2022-04-27T08:26:47","date_gmt":"2022-04-27T08:26:47","guid":{"rendered":"https:\/\/kocaeli.worldpest.com.tr\/?page_id=8171"},"modified":"2022-04-27T08:26:47","modified_gmt":"2022-04-27T08:26:47","slug":"akrep","status":"publish","type":"page","link":"https:\/\/kocaeli.worldpest.com.tr\/?page_id=8171","title":{"rendered":"AKREP"},"content":{"rendered":"<p>Akrep, \u00f6r\u00fcmcek familyas\u0131n\u0131n \u00f6nde gelen en tehlikeli cinsidir. Eklem v\u00fccut ve kitinlerden meydana gelen kas sistemiyle, kesici makaslar ve \u00f6l\u00fcmc\u00fcl zehir bulunduran k\u0131vr\u0131ml\u0131 bir kuyru\u011fa sahiptir. T\u00fcrlerine g\u00f6re boy ve renkleri de\u011fi\u015fmektedir, 5 ile 23 cm aras\u0131nda b\u00fcy\u00fckl\u00fcklere ula\u015fm\u0131\u015flard\u0131r\u2026 Geni\u015f bir t\u00fcre sahiptirler ve \u00fclkemizde yakla\u015f\u0131k 20 cinsi bulunmakta, en irileri ise daha \u00e7ok tropikal b\u00f6lgelerde ya\u015famaktad\u0131rlar. Di\u011fer b\u00f6cek gillere g\u00f6re daha uzun \u00f6m\u00fcrl\u00fcd\u00fcrler 5 y\u0131ldan fazla ya\u015fayabilirler. Tehlikeli ha\u015fereler s\u0131n\u0131f\u0131nda oldu\u011fu i\u00e7in <strong><em>akrep ila\u00e7lama<\/em><\/strong> yaz aylar\u0131nda s\u0131k s\u0131k yap\u0131lmal\u0131d\u0131r.<\/p>\n<p><strong>Akrep \u0130la\u00e7lama Hizmeti<\/strong><\/p>\n<p>Akrep genel \u00f6zellikleri;\u00a0ya\u015fam alan\u0131 s\u0131cakl\u0131\u011f\u0131n ve buna ba\u011fl\u0131 olarak neminde y\u00fcksek olmas\u0131 gerekiyor. Bu y\u00fczden daha \u00e7ok sahil kentleri ile kar ve \u00e7etin k\u0131\u015f\u0131n olmad\u0131\u011f\u0131 di\u011fer \u0131l\u0131man b\u00f6lgelerde de ya\u015famas\u0131 savunulurken. Ancak yine de yurdumuzun her taraf\u0131nda, Do\u011fu-G\u00fcneydo\u011fu Anadolu\u2019da bile ya\u015fayan t\u00fcrleri mevcuttur. Bunun sebebi bahar ay\u0131nda s\u0131cakl\u0131\u011f\u0131n ve nemin y\u00fckselmesidir. En tehlikelileri de Akdeniz ve G\u00fcneydo\u011fuda ya\u015famaktad\u0131r. Ta\u015fl\u0131k, a\u011fa\u00e7 kovuklar\u0131, duvar \u00e7atlaklar\u0131 ile mahzenler ya\u015fam alanlar\u0131d\u0131r. Bahar ay\u0131nda \u00e7iftle\u015fir ve genellikle \u00e7iftle\u015fme bittikten sonra di\u015fi erke\u011fini yer. Hamilelik 8 aydan fazla s\u00fcrer ve daha sonra da 100 tane kadar yavru do\u011far, anne <strong>akrep<\/strong> genellikle yavrular\u0131 s\u0131rt\u0131nda ta\u015f\u0131r. Uzun bir aradan sonra annelerinin arkalar\u0131ndan do\u011fay\u0131 anlamaya \u00e7al\u0131\u015f\u0131rlar. B\u00f6ylece bu ha\u015ferenin \u00fcreyerek \u00e7o\u011falmas\u0131n\u0131 engellemenin en iyi \u00f6nlemi <strong>akrep ila\u00e7lama<\/strong> ile m\u00fcdahale edilmelidir.<\/p>\n<p><strong>Akrep \u0130la\u00e7lama Hizmetinden Faydalan\u0131n<\/strong><\/p>\n<p><strong>Akrep ila\u00e7lama <\/strong>ve di\u011fer \u00e7evre temizli\u011finin yap\u0131lmad\u0131\u011f\u0131 alanlarda akrepler ak\u015fam karanl\u0131\u011f\u0131nda yuvas\u0131ndan \u00e7\u0131karak av aray\u0131\u015f\u0131na \u00e7\u0131kar. Besin kayna\u011f\u0131 daha \u00e7ok b\u00f6ceklerdir. B\u00f6ceklerin ge\u00e7i\u015f yerlerinden pusuya yatarak \u00f6ylece bekler. Metabolizmalar\u0131n\u0131n \u00f6zelliklerinden biri de az yemekle aylarca hayatta kalabilirler. \u0130nsanlara do\u011frudan sald\u0131rmazlar. Kendilerini tehlikede hissettiklerinde sald\u0131r\u0131ya ge\u00e7erler. <strong>Akrep <\/strong>sokmalar\u0131n\u0131n \u00e7o\u011fu ise kontrol edilmeden elimizi alt\u0131na soktu\u011fumuz ta\u015f, a\u011fa\u00e7, onar\u0131lmayan duvar \u00e7atlaklar\u0131, giri\u015f katlar\u0131nda d\u0131\u015far\u0131da b\u0131rakt\u0131\u011f\u0131m\u0131z ayakkab\u0131lar\u0131 kontrol etmeden giydi\u011fimiz zaman ger\u00e7ekle\u015fir. Bu gibi kazalara mustarip olmamak i\u00e7in <strong>akrep ila\u00e7lama <\/strong>\u00f6nemli bir korunma y\u00f6ntemidir.<br \/>\n<strong>Akrep <\/strong>sokmas\u0131n\u0131n sonucunda \u00f6l\u00fcm olmas\u0131 an meselesidir. Akrep taraf\u0131ndan sokulan hastadaki belirtiler \u015funlardan bir ka\u00e7\u0131d\u0131r; kusma, ba\u015f d\u00f6nmesi, bilin\u00e7 kayb\u0131, \u00e7ift g\u00f6rme, bayg\u0131nl\u0131k, a\u015f\u0131r\u0131 a\u011fr\u0131, bay\u0131lma, solunum zorlu\u011fu ve krizlere yol a\u00e7abilir. Bu gibi durumlarda hi\u00e7 vakit kaybetmeden ve hastaya iyile\u015fmesi i\u00e7in bir \u015feyler yedirilip i\u00e7irilmeden en yak\u0131n sa\u011fl\u0131k kurulu\u015funa yeti\u015ftirmek laz\u0131m.<\/p>\n<p>\u00d6zellikle yaz ay\u0131nda ev, bodrum kat\u0131, bina merdiveni ve bah\u00e7eleri iyi \u015fekilde ila\u00e7lamak gerekmektedir. Bunun i\u00e7inde do\u011fru insektisitin kullan\u0131lmas\u0131 en \u00f6nemlisidir. Sizde bu ha\u015ferelerden zarar g\u00f6rmek istemiyorsan\u0131z, Sa\u011fl\u0131k Bakanl\u0131\u011f\u0131 onayl\u0131 profesyonel bir firmadan yard\u0131m almay\u0131 ihmal etmeyiniz. Daha geni\u015f bilgi ve evinize \u00fccretsiz ke\u015fif i\u00e7in l\u00fctfen 7\/24 canl\u0131 destek hatt\u0131m\u0131zdan bize ula\u015f\u0131n.<\/p>\n<p>&nbsp;<\/p>\n","protected":false},"excerpt":{"rendered":"<p>Akrep, \u00f6r\u00fcmcek familyas\u0131n\u0131n \u00f6nde gelen en tehlikeli cinsidir. Eklem v\u00fccut ve kitinlerden meydana gelen kas sistemiyle, kesici makaslar ve \u00f6l\u00fcmc\u00fcl zehir bulunduran k\u0131vr\u0131ml\u0131 bir kuyru\u011fa sahiptir. T\u00fcrlerine g\u00f6re boy ve renkleri de\u011fi\u015fmektedir, 5 ile 23 cm aras\u0131nda b\u00fcy\u00fckl\u00fcklere ula\u015fm\u0131\u015flard\u0131r\u2026 Geni\u015f bir t\u00fcre sahiptirler ve \u00fclkemizde yakla\u015f\u0131k 20 cinsi bulunmakta, en irileri ise daha \u00e7ok tropikal&#8230;<\/p>\n","protected":false},"author":1,"featured_media":0,"parent":0,"menu_order":0,"comment_status":"closed","ping_status":"closed","template":"","meta":{"_joinchat":[],"footnotes":""},"class_list":["post-8171","page","type-page","status-publish","hentry"],"_links":{"self":[{"href":"https:\/\/kocaeli.worldpest.com.tr\/index.php?rest_route=\/wp\/v2\/pages\/8171","targetHints":{"allow":["GET"]}}],"collection":[{"href":"https:\/\/kocaeli.worldpest.com.tr\/index.php?rest_route=\/wp\/v2\/pages"}],"about":[{"href":"https:\/\/kocaeli.worldpest.com.tr\/index.php?rest_route=\/wp\/v2\/types\/page"}],"author":[{"embeddable":true,"href":"https:\/\/kocaeli.worldpest.com.tr\/index.php?rest_route=\/wp\/v2\/users\/1"}],"replies":[{"embeddable":true,"href":"https:\/\/kocaeli.worldpest.com.tr\/index.php?rest_route=%2Fwp%2Fv2%2Fcomments&post=8171"}],"version-history":[{"count":1,"href":"https:\/\/kocaeli.worldpest.com.tr\/index.php?rest_route=\/wp\/v2\/pages\/8171\/revisions"}],"predecessor-version":[{"id":8172,"href":"https:\/\/kocaeli.worldpest.com.tr\/index.php?rest_route=\/wp\/v2\/pages\/8171\/revisions\/8172"}],"wp:attachment":[{"href":"https:\/\/kocaeli.worldpest.com.tr\/index.php?rest_route=%2Fwp%2Fv2%2Fmedia&parent=8171"}],"curies":[{"name":"wp","href":"https:\/\/api.w.org\/{rel}","templated":true}]}}