{"id":8173,"date":"2022-04-27T08:27:05","date_gmt":"2022-04-27T08:27:05","guid":{"rendered":"https:\/\/kocaeli.worldpest.com.tr\/?page_id=8173"},"modified":"2022-04-27T08:27:05","modified_gmt":"2022-04-27T08:27:05","slug":"cati-faresi-cati-sicani","status":"publish","type":"page","link":"https:\/\/kocaeli.worldpest.com.tr\/?page_id=8173","title":{"rendered":"\u00c7at\u0131 Faresi (\u00c7at\u0131 S\u0131\u00e7an\u0131)"},"content":{"rendered":"<p><strong><em>\u00c7at\u0131 faresi <\/em><\/strong>(<strong>\u00e7at\u0131 s\u0131\u00e7an\u0131<\/strong>) ad\u0131n\u0131 ya\u015fad\u0131\u011f\u0131 \u00e7at\u0131 alanlar\u0131nda alm\u0131\u015ft\u0131r. Teras katlar\u0131nda \u00f6zellikle insanlar\u0131n zorlu u\u011fra\u015f verdikleri bir ha\u015feredir. Tavan aralar\u0131nda ya\u015fad\u0131klar\u0131ndan dolay\u0131 genellikle g\u0131da ihtiya\u00e7lar\u0131n\u0131 insanlardan faydalanmak i\u00e7in f\u0131rsat kollarlar. Hayatta kalabilmek i\u00e7in olduk\u00e7a zorlu m\u00fccadele vermektedirler. <strong>\u00c7at\u0131 faresi<\/strong> tavan aralar\u0131nda b\u00f6cek, kuru g\u0131da sebze, di\u011fer ye\u015fil bitkiler gibi \u00e7evresinde bulabildikleri ile beslenirler.<\/p>\n<p>Besin s\u0131k\u0131nt\u0131s\u0131na d\u00fc\u015ft\u00fcklerinde tavandan eve inebilmek i\u00e7in; ah\u015fap, al\u00e7\u0131-al\u00e7\u0131pen, hatta betonu bile kemiren ve ilen g\u00fc\u00e7l\u00fc \u00e7ene yap\u0131s\u0131na sahiptirler. <strong>\u00c7at\u0131 s\u0131\u00e7an\u0131<\/strong> g\u00fcn\u00fcn her saatinde aktiftir. Girdikleri evlerde gece sessizli\u011finde yatak odalar\u0131nda insanlara sinsice yakla\u015farak el ve ayalardan kemirdikleri insanlar\u0131 \u00e7evremizde \u00e7ok duymu\u015fuzdur. Bunun i\u00e7in dikkat etmek gereklidir. Bu durma maruz kalmamak i\u00e7in, <strong>fare ila\u00e7lama<\/strong> servisinden yard\u0131m almak gerekir.<\/p>\n<p>\u00c7at\u0131 faresinin fiziki yap\u0131s\u0131<\/p>\n<p>Kalabal\u0131k ailelerden olu\u015furlar. Bir anne y\u0131lda 6 defa ve her seferinde 8-12 kadar yavru do\u011furabilir. B\u00fcy\u00fck ve kep\u00e7e denilen hassas kulaklar\u0131 sayesinde, <strong>\u00e7at\u0131 faresi<\/strong> \u00e7evresinden gelebilecek tehlikeleri \u00f6nceden sezerek, d\u00fc\u015fmana kar\u015f\u0131 savunma veya ka\u00e7ma giri\u015fiminde bulunurlar. Fiziksel olarak ay\u0131rt etmek i\u00e7in di\u011fer farelere g\u00f6re <strong>\u00e7at\u0131 faresi<\/strong> f\u0131nd\u0131k faresinden b\u00fcy\u00fck, la\u011f\u0131m faresinden ise k\u00fc\u00e7\u00fckt\u00fcrler. Kuyruklar\u0131 ise kendi boyundan bir bu\u00e7uk kat\u0131 kadard\u0131r. Uzun kuyru\u011fu, t\u0131rmand\u0131\u011f\u0131 y\u00fcksekliklerde tutunabilmek ve dengede kalmak gibi \u00f6nemli g\u00f6revler sergilemektedir.<\/p>\n<p>Karanl\u0131k alanlarda ya\u015famay\u0131 tercih ederler. I\u015f\u0131\u011fa kar\u015f\u0131 duyarl\u0131 g\u00f6zleri olan <strong>\u00e7at\u0131 faresi<\/strong> yar\u0131 k\u00f6r olarak da nitelendirilir, yani bir bu\u00e7uk metreden fazla uza\u011f\u0131 g\u00f6rmeyecek kadar zay\u0131ft\u0131r. Bu dezavantaj say\u0131labilecek bir durum gibi alg\u0131lansa da asl\u0131nda hi\u00e7 de \u00f6yle de\u011fildir. Bunun yerine <strong>\u00e7at\u0131 faresi<\/strong> olduk\u00e7a geli\u015fmi\u015f olan koku alg\u0131s\u0131 ve g\u00fc\u00e7l\u00fc kulaklar\u0131n i\u015flevi ve ayaklar\u0131n\u0131n yerden gelen titre\u015fimleri hissetmesi ayr\u0131ca, uzunca b\u0131y\u0131klar\u0131n\u0131 da y\u00fcr\u00fcd\u00fc\u011f\u00fcnde s\u00fcrt\u00fcnerek iz s\u00fcr\u00fcm\u00fc ile m\u00fckemmel bir donan\u0131ma sahip oldu\u011funu g\u00f6stermektedir.<\/p>\n<p>Di\u011fer farelerden fark\u0131<\/p>\n<p>Tavan aralar\u0131nda y\u00fcr\u00fcrken \u00e7\u0131kard\u0131klar\u0131 g\u00fcr\u00fclt\u00fcler ve aile aras\u0131nda ileti\u015fim kurmak i\u00e7in ince tiz ba\u011f\u0131rt\u0131lar\u0131 ile insanlar\u0131 tedirgin eden <strong>\u00e7at\u0131 faresi<\/strong> olduk\u00e7a beceriklidir. La\u011f\u0131m faresi ve f\u0131nd\u0131k faresine g\u00f6re <strong>\u00e7at\u0131 faresi<\/strong> daha da geli\u015fmi\u015f olan elleri say\u0131lan \u00f6n kollar\u0131 ve arka ayaklar\u0131n\u0131n m\u00fckemmel t\u0131rmanma yetisinin oldu\u011fu, e\u011fimsiz, dik ve \u00e7ok y\u00fcksek zirvelere t\u0131rmanmay\u0131 rahatl\u0131kla ger\u00e7ekle\u015ftirirler. Tutunmalar\u0131 i\u00e7in normalin d\u0131\u015f\u0131nda uzun olan t\u0131rnaklar\u0131 ve geni\u015f avu\u00e7 i\u00e7lerinin rol\u00fcn\u00fcn bunda b\u00fcy\u00fck pay\u0131 vard\u0131r.<\/p>\n<p>\u00c7at\u0131 faresi m\u00fccadelesi<\/p>\n<p>\u00c7at\u0131 faresi m\u00fccadelesinde pasta ve yem form\u00fclasyonlu, s\u0131\u00e7anlara \u00f6zel geli\u015ftirilmi\u015f ila\u00e7larla m\u00fcdahale edilir. Bu i\u015flem \u00e7at\u0131 kat\u0131na planl\u0131 bir \u015fekilde istasyon ad\u0131 verilen yem kutular\u0131 b\u0131rak\u0131larak periyodik bak\u0131mlar e\u015fli\u011fine kontrol edilmelidir. En iyisi size en yak\u0131n fare ila\u00e7lama \u015firketi ile irtibata ge\u00e7mektir.<\/p>\n<p>&nbsp;<\/p>\n","protected":false},"excerpt":{"rendered":"<p>\u00c7at\u0131 faresi (\u00e7at\u0131 s\u0131\u00e7an\u0131) ad\u0131n\u0131 ya\u015fad\u0131\u011f\u0131 \u00e7at\u0131 alanlar\u0131nda alm\u0131\u015ft\u0131r. Teras katlar\u0131nda \u00f6zellikle insanlar\u0131n zorlu u\u011fra\u015f verdikleri bir ha\u015feredir. Tavan aralar\u0131nda ya\u015fad\u0131klar\u0131ndan dolay\u0131 genellikle g\u0131da ihtiya\u00e7lar\u0131n\u0131 insanlardan faydalanmak i\u00e7in f\u0131rsat kollarlar. Hayatta kalabilmek i\u00e7in olduk\u00e7a zorlu m\u00fccadele vermektedirler. \u00c7at\u0131 faresi tavan aralar\u0131nda b\u00f6cek, kuru g\u0131da sebze, di\u011fer ye\u015fil bitkiler gibi \u00e7evresinde bulabildikleri ile beslenirler. Besin s\u0131k\u0131nt\u0131s\u0131na&#8230;<\/p>\n","protected":false},"author":1,"featured_media":0,"parent":0,"menu_order":0,"comment_status":"closed","ping_status":"closed","template":"","meta":{"_joinchat":[],"footnotes":""},"class_list":["post-8173","page","type-page","status-publish","hentry"],"_links":{"self":[{"href":"https:\/\/kocaeli.worldpest.com.tr\/index.php?rest_route=\/wp\/v2\/pages\/8173","targetHints":{"allow":["GET"]}}],"collection":[{"href":"https:\/\/kocaeli.worldpest.com.tr\/index.php?rest_route=\/wp\/v2\/pages"}],"about":[{"href":"https:\/\/kocaeli.worldpest.com.tr\/index.php?rest_route=\/wp\/v2\/types\/page"}],"author":[{"embeddable":true,"href":"https:\/\/kocaeli.worldpest.com.tr\/index.php?rest_route=\/wp\/v2\/users\/1"}],"replies":[{"embeddable":true,"href":"https:\/\/kocaeli.worldpest.com.tr\/index.php?rest_route=%2Fwp%2Fv2%2Fcomments&post=8173"}],"version-history":[{"count":1,"href":"https:\/\/kocaeli.worldpest.com.tr\/index.php?rest_route=\/wp\/v2\/pages\/8173\/revisions"}],"predecessor-version":[{"id":8174,"href":"https:\/\/kocaeli.worldpest.com.tr\/index.php?rest_route=\/wp\/v2\/pages\/8173\/revisions\/8174"}],"wp:attachment":[{"href":"https:\/\/kocaeli.worldpest.com.tr\/index.php?rest_route=%2Fwp%2Fv2%2Fmedia&parent=8173"}],"curies":[{"name":"wp","href":"https:\/\/api.w.org\/{rel}","templated":true}]}}