{"id":8175,"date":"2022-04-27T08:27:18","date_gmt":"2022-04-27T08:27:18","guid":{"rendered":"https:\/\/kocaeli.worldpest.com.tr\/?page_id=8175"},"modified":"2022-04-27T15:21:40","modified_gmt":"2022-04-27T15:21:40","slug":"ciyan","status":"publish","type":"page","link":"https:\/\/kocaeli.worldpest.com.tr\/?page_id=8175","title":{"rendered":"\u00c7\u0131yan"},"content":{"rendered":"<p><strong>\u00c7\u0131yan<\/strong>, y\u00fcr\u00fcyen ha\u015fereler aras\u0131nda en zehirli olanlar\u0131ndan biridir. \u00dclkemizde uzunlu\u011fu 3 ile 10 cm aras\u0131nda olanlar\u0131 daha \u00e7ok mevcuttur. Di\u011fer zehirli ha\u015ferelere g\u00f6re daha k\u00fc\u00e7\u00fck ve ince yap\u0131l\u0131 oldu\u011fu i\u00e7in kap\u0131 e\u015fikleri alt\u0131ndan ve en k\u00fc\u00e7\u00fck duvar \u00e7atlaklar\u0131ndan bile evimize kadar girebilirler. <strong>\u00c7\u0131yan<\/strong> \u00e7e\u015fitliliklerine g\u00f6re renkleri de de\u011fi\u015fiklik g\u00f6stermektedir.<strong> \u00c7\u0131yan t\u00fcrleri<\/strong>nde en tehlikeli olanlar\u0131 siyah, k\u0131rm\u0131z\u0131 ve kahve renkli olan\u0131d\u0131r.<br \/>\n<strong>\u00c7\u0131yan<\/strong>, benzerlik y\u00f6n\u00fcnden k\u0131rkayaklarla \u00e7ok kar\u0131\u015ft\u0131r\u0131l\u0131rlar. Ancak k\u0131rkayak hem zehirsiz hem de v\u00fccut \u00f6l\u00e7\u00fclerinin de\u011fi\u015fik \u00f6zellikleriyle kendisini ay\u0131rt etmektedir. Yumurta ile \u00e7o\u011fal\u0131rlar.<\/p>\n<h2>\u00c7\u0131yan \u0130la\u00e7lama Hizmeti<\/h2>\n<p>\u00c7\u0131yanlar h\u0131zl\u0131 ve sinsi ha\u015feredir. Avlanmay\u0131 daha \u00e7ok geceleri veya g\u00fcnd\u00fczleri karanl\u0131\u011f\u0131n yo\u011fun oldu\u011fu alanlarda s\u00fcrd\u00fcr\u00fcrler. Avlar\u0131n\u0131 \u0131s\u0131rarak etkili bir zehir salg\u0131lad\u0131ktan sonra fel\u00e7 ederek yerler. \u00c7ok etkili bir zehre sahiptirler, \u00e7\u0131yan \u0131s\u0131rd\u0131klar\u0131 bir insan\u0131 \u00f6l\u00fcme kadar g\u00f6t\u00fcrd\u00fckleri olanlar aras\u0131ndad\u0131r.<\/p>\n<h2>\u00c7\u0131yan Sokmas\u0131 Nedir?<\/h2>\n<p><strong>\u00c7\u0131yan sokmas\u0131<\/strong> Soktuklar\u0131 yerde; ka\u015f\u0131nt\u0131, k\u0131zar\u0131kl\u0131k, yanma ve v\u00fccutta halsizlik, ba\u015f d\u00f6nmesi, a\u011fr\u0131 ile kusma ger\u00e7ekle\u015fir. Beslenme \u015fekilleri, daha \u00e7ok b\u00f6cek ve di\u011fer canl\u0131 t\u00fcrlerini t\u00fcketerek hayatta kal\u0131rlar. Bulunduklar\u0131 alanlar ise; bah\u00e7e duvarlar\u0131, otopark, bodrum kat\u0131, evlerde parke altlar\u0131 ve s\u00fcp\u00fcrgelikler, dolap arkas\u0131, duvar \u00e7atla\u011f\u0131, banyo ve mutfak tezg\u00e2h\u0131n\u0131n alt\u0131nda gizlenirler. Bunun i\u00e7in <a href=\"http:\/\/www.worldbocekilaclama.com\/ev-ilaclama\/\">ev ila\u00e7lama<\/a> olduk\u00e7a \u00f6nemlidir. Ev i\u00e7lerinde daha \u00e7ok gece karanl\u0131\u011f\u0131nda dola\u015f\u0131rlar ve yatak odalar\u0131nda a\u00e7\u0131kta kalan el, ayak, boyun ve y\u00fcz gibi alanlar\u0131 <strong>\u00e7\u0131yan sokmas\u0131<\/strong> ka\u00e7\u0131n\u0131lmaz bir durumdur. B\u00f6yle bir duruma maruz kald\u0131\u011f\u0131n\u0131zda hi\u00e7 vakit kaybetmeden en yak\u0131n hasta hane veya di\u011fer sa\u011fl\u0131k kurulu\u015flar\u0131na ba\u015fvurunuz.<\/p>\n<h2>\u00c7\u0131yan \u0130la\u00e7lama Nas\u0131l Yap\u0131l\u0131r?<\/h2>\n<p><strong>\u00c7\u0131yan <\/strong>gibi bu t\u00fcr genel ha\u015ferelerden zarar g\u00f6rmemek i\u00e7in, y\u0131lda en az 3 defa <strong>\u00e7\u0131yan ila\u00e7lama<\/strong> uygulamas\u0131 ger\u00e7ekle\u015ftirmek gerekmektedir. Bu ha\u015ferelerin zararlar\u0131na maruz kalmamak i\u00e7in yap\u0131lan m\u00fcdahalede al\u0131nacak \u00f6nlem ve kullan\u0131lan yanl\u0131\u015f ila\u00e7lar\u0131nda zararlar\u0131na u\u011frayabilirsiniz. Bu durumda bu t\u00fcr tehlikeli i\u015flerde sa\u011fl\u0131k bakanl\u0131\u011f\u0131 onay\u0131yla ve profesyonel \u015firketlerden yard\u0131m almak en kolay ve do\u011fru se\u00e7imdir. Daha geni\u015f bilgi ve evinize \u00fccretsiz ke\u015fif istemek i\u00e7in l\u00fctfen 7\/24 m\u00fc\u015fteri canl\u0131 destek hatt\u0131m\u0131zdan bize ula\u015f\u0131n\u0131z.<\/p>\n","protected":false},"excerpt":{"rendered":"<p>\u00c7\u0131yan, y\u00fcr\u00fcyen ha\u015fereler aras\u0131nda en zehirli olanlar\u0131ndan biridir. \u00dclkemizde uzunlu\u011fu 3 ile 10 cm aras\u0131nda olanlar\u0131 daha \u00e7ok mevcuttur. Di\u011fer zehirli ha\u015ferelere g\u00f6re daha k\u00fc\u00e7\u00fck ve ince yap\u0131l\u0131 oldu\u011fu i\u00e7in kap\u0131 e\u015fikleri alt\u0131ndan ve en k\u00fc\u00e7\u00fck duvar \u00e7atlaklar\u0131ndan bile evimize kadar girebilirler. \u00c7\u0131yan \u00e7e\u015fitliliklerine g\u00f6re renkleri de de\u011fi\u015fiklik g\u00f6stermektedir. \u00c7\u0131yan t\u00fcrlerinde en tehlikeli olanlar\u0131 siyah,&#8230;<\/p>\n","protected":false},"author":1,"featured_media":0,"parent":0,"menu_order":0,"comment_status":"closed","ping_status":"closed","template":"","meta":{"_joinchat":[],"footnotes":""},"class_list":["post-8175","page","type-page","status-publish","hentry"],"_links":{"self":[{"href":"https:\/\/kocaeli.worldpest.com.tr\/index.php?rest_route=\/wp\/v2\/pages\/8175","targetHints":{"allow":["GET"]}}],"collection":[{"href":"https:\/\/kocaeli.worldpest.com.tr\/index.php?rest_route=\/wp\/v2\/pages"}],"about":[{"href":"https:\/\/kocaeli.worldpest.com.tr\/index.php?rest_route=\/wp\/v2\/types\/page"}],"author":[{"embeddable":true,"href":"https:\/\/kocaeli.worldpest.com.tr\/index.php?rest_route=\/wp\/v2\/users\/1"}],"replies":[{"embeddable":true,"href":"https:\/\/kocaeli.worldpest.com.tr\/index.php?rest_route=%2Fwp%2Fv2%2Fcomments&post=8175"}],"version-history":[{"count":2,"href":"https:\/\/kocaeli.worldpest.com.tr\/index.php?rest_route=\/wp\/v2\/pages\/8175\/revisions"}],"predecessor-version":[{"id":8366,"href":"https:\/\/kocaeli.worldpest.com.tr\/index.php?rest_route=\/wp\/v2\/pages\/8175\/revisions\/8366"}],"wp:attachment":[{"href":"https:\/\/kocaeli.worldpest.com.tr\/index.php?rest_route=%2Fwp%2Fv2%2Fmedia&parent=8175"}],"curies":[{"name":"wp","href":"https:\/\/api.w.org\/{rel}","templated":true}]}}