{"id":8220,"date":"2022-04-27T08:44:28","date_gmt":"2022-04-27T08:44:28","guid":{"rendered":"https:\/\/kocaeli.worldpest.com.tr\/?page_id=8220"},"modified":"2022-04-27T15:19:36","modified_gmt":"2022-04-27T15:19:36","slug":"tahtakurusu","status":"publish","type":"page","link":"https:\/\/kocaeli.worldpest.com.tr\/?page_id=8220","title":{"rendered":"Tahtakurusu"},"content":{"rendered":"<h2>Genel Bilgi ve M\u00fccadele<\/h2>\n<p><strong>Tahta kurusu<\/strong> ha\u015fere grubunun i\u00e7inde en ba\u015f belas\u0131 bir t\u00fcrd\u00fcr. Bu hayvan ya\u015fad\u0131\u011f\u0131m\u0131z alanlarda ah\u015fap olan her t\u00fcrl\u00fc e\u015fyalar\u0131n i\u00e7inde yuvalan\u0131r. Yatak, dolap, kap\u0131 pervazlar\u0131, s\u00fcp\u00fcrgelikler ve yataklar\u0131n diki\u015f k\u0131s\u0131mlar\u0131 gibi alanlara yuva yaparlar. Renkleri a\u00e7\u0131k kahverengi k\u0131z\u0131l\u0131ms\u0131d\u0131r. Yap\u0131 olarak keneye benzerler. Boyutlar\u0131 erginlerde ve yavrularda de\u011fi\u015fkenlik g\u00f6sterir.<\/p>\n<p><strong>Tahta kurusu<\/strong> geceleri aktiftirler. G\u00fcnd\u00fczleri ve \u0131\u015f\u0131k ortamlarda saklan\u0131r ortaya \u00e7\u0131kmazlar. Geceleri ortaya \u00e7\u0131kar insan ve di\u011fer hayvanlar\u0131 \u0131s\u0131rarak kan emerler. <strong>Tahta kurusu<\/strong> olan yerlerde bu b\u00f6ce\u011fi tespit etmek \u00e7ok zor oldu\u011fu kadar kolay yollar\u0131 da vard\u0131r. Tahtakurusu b\u00f6ce\u011fi olan yerlerde hem yatak ve \u00e7ar\u015faflarda k\u0131rm\u0131z\u0131 kan izleri olur hem de k\u00f6t\u00fc kokusu sayesinde varl\u0131\u011f\u0131ndan haberdar olabiliriz.<\/p>\n<p>Tahtakurusu \u00f6zellikle yatak yorganlar\u0131m\u0131za ve mobilyalar\u0131m\u0131za yuvaland\u0131\u011f\u0131ndan geceleri \u00e7\u0131k\u0131p v\u00fccudumuzun \u00e7e\u015fitli yerlerini \u0131s\u0131r\u0131rlar. Bu durum kar\u015f\u0131s\u0131nda doktora gidilse bile ka\u015f\u0131nt\u0131 ve alerjik reaksiyonun ge\u00e7mesi m\u00fcmk\u00fcn de\u011fildir. Bu ha\u015fere evimizde ve bulundu\u011fumuz alanlarda halen ya\u015fad\u0131\u011f\u0131 m\u00fcddet\u00e7e \u0131s\u0131rmaya devam edecektir. Bundan dolay\u0131 mutlaka bir tahtakurusu ila\u00e7lama \u015firketinden yard\u0131m alman\u0131z gerekir.<\/p>\n<h2>Tahta Kurusu \u0130la\u00e7lama<\/h2>\n<p><strong>Tahta kurusu ila\u00e7lama<\/strong> \u015firketi olarak \u00f6nce gerekli bilgiler verildikten sonra \u00f6ncelikli \u00f6nlemler al\u0131n\u0131r ve uygun zaman belirlenerek ila\u00e7lama uygulamas\u0131 yap\u0131l\u0131r. <strong>Tahta kurusu ila\u00e7lamas\u0131<\/strong> di\u011fer ha\u015fere gruplar\u0131na g\u00f6re m\u00fccadelesi daha zordur. Kullan\u0131lan ila\u00e7lar ve tahtakurusu ila\u00e7lama y\u00f6ntemi detay ve profesyonellik gerektiren bir uygulamad\u0131r. Di\u011fer makalelerimizde de bahsetti\u011fimiz gibi l\u00fctfen kendi ba\u015f\u0131n\u0131za yanl\u0131\u015f ila\u00e7larla m\u00fcdahale etmeye \u00e7al\u0131\u015fmay\u0131n\u0131z.<\/p>\n<p>Di\u011fer b\u00f6cek ila\u00e7lamalarda oldu\u011fu gibi <strong>tahta kurusu ila\u00e7lamada<\/strong> da sizlere kaliteli ve g\u00fcvenilir hizmet vermekten memnuniyet duyar\u0131z. <strong>Worldpest ha\u015fere ila\u00e7lama servisi<\/strong> olarak halk sa\u011fl\u0131\u011f\u0131 bizim i\u00e7in en \u00f6n plandad\u0131r.<\/p>\n<p>&nbsp;<\/p>\n<p>&nbsp;<\/p>\n","protected":false},"excerpt":{"rendered":"<p>Genel Bilgi ve M\u00fccadele Tahta kurusu ha\u015fere grubunun i\u00e7inde en ba\u015f belas\u0131 bir t\u00fcrd\u00fcr. Bu hayvan ya\u015fad\u0131\u011f\u0131m\u0131z alanlarda ah\u015fap olan her t\u00fcrl\u00fc e\u015fyalar\u0131n i\u00e7inde yuvalan\u0131r. Yatak, dolap, kap\u0131 pervazlar\u0131, s\u00fcp\u00fcrgelikler ve yataklar\u0131n diki\u015f k\u0131s\u0131mlar\u0131 gibi alanlara yuva yaparlar. Renkleri a\u00e7\u0131k kahverengi k\u0131z\u0131l\u0131ms\u0131d\u0131r. Yap\u0131 olarak keneye benzerler. Boyutlar\u0131 erginlerde ve yavrularda de\u011fi\u015fkenlik g\u00f6sterir. Tahta kurusu geceleri&#8230;<\/p>\n","protected":false},"author":1,"featured_media":0,"parent":0,"menu_order":0,"comment_status":"closed","ping_status":"closed","template":"","meta":{"_joinchat":[],"footnotes":""},"class_list":["post-8220","page","type-page","status-publish","hentry"],"_links":{"self":[{"href":"https:\/\/kocaeli.worldpest.com.tr\/index.php?rest_route=\/wp\/v2\/pages\/8220","targetHints":{"allow":["GET"]}}],"collection":[{"href":"https:\/\/kocaeli.worldpest.com.tr\/index.php?rest_route=\/wp\/v2\/pages"}],"about":[{"href":"https:\/\/kocaeli.worldpest.com.tr\/index.php?rest_route=\/wp\/v2\/types\/page"}],"author":[{"embeddable":true,"href":"https:\/\/kocaeli.worldpest.com.tr\/index.php?rest_route=\/wp\/v2\/users\/1"}],"replies":[{"embeddable":true,"href":"https:\/\/kocaeli.worldpest.com.tr\/index.php?rest_route=%2Fwp%2Fv2%2Fcomments&post=8220"}],"version-history":[{"count":3,"href":"https:\/\/kocaeli.worldpest.com.tr\/index.php?rest_route=\/wp\/v2\/pages\/8220\/revisions"}],"predecessor-version":[{"id":8358,"href":"https:\/\/kocaeli.worldpest.com.tr\/index.php?rest_route=\/wp\/v2\/pages\/8220\/revisions\/8358"}],"wp:attachment":[{"href":"https:\/\/kocaeli.worldpest.com.tr\/index.php?rest_route=%2Fwp%2Fv2%2Fmedia&parent=8220"}],"curies":[{"name":"wp","href":"https:\/\/api.w.org\/{rel}","templated":true}]}}