{"id":8224,"date":"2022-04-27T08:44:49","date_gmt":"2022-04-27T08:44:49","guid":{"rendered":"https:\/\/kocaeli.worldpest.com.tr\/?page_id=8224"},"modified":"2022-04-27T15:21:24","modified_gmt":"2022-04-27T15:21:24","slug":"tesbih-bocegi","status":"publish","type":"page","link":"https:\/\/kocaeli.worldpest.com.tr\/?page_id=8224","title":{"rendered":"Tesbih B\u00f6ce\u011fi"},"content":{"rendered":"<p><strong>Tesbih b\u00f6ce\u011fi <\/strong>kabuklu ve \u00e7ok eklemli olarak di\u011fer b\u00f6cek t\u00fcrlerinden farkl\u0131d\u0131r. Denizde ve karada ya\u015fayanlar olarak ikiye ayr\u0131l\u0131r. V\u00fccut \u00f6l\u00e7\u00fcleri 1 ile 2 cm aras\u0131ndad\u0131r. Gri ve siyah renk tonlar\u0131nda \u00e7ok ayakl\u0131 y\u00fcr\u00fcyen ha\u015fere s\u0131n\u0131f\u0131ndad\u0131r. Tespih b\u00f6ce\u011fi rutubet ve nem ile uyumlu bir ortamda ya\u015farlar. S\u0131cak ve kurak alanlarda g\u00f6r\u00fclmezler. Herhangi bir tehlike sezdiklerinde veya kendilerine dokunuldu\u011funda k\u0131vr\u0131larak bocuk \u015feklini al\u0131r. As\u0131l ad\u0131 Isopoda olan bu b\u00f6cek, \u015feklinin benzerli\u011finden dolay\u0131 halk aras\u0131ndan <strong>tesbihb\u00f6ce\u011fi<\/strong>\u00a0veya boncuk b\u00f6ce\u011fi olarak isimlendirilmi\u015ftir.<\/p>\n<h2><strong>Tesbih B\u00f6ce\u011fi Nas\u0131l olur<\/strong><\/h2>\n<p><strong>Tesbih b\u00f6cekleri<\/strong> nas\u0131l olur; Yumurtlama ile \u00e7o\u011fal\u0131rlar, besin kaynaklar\u0131 bitkiler ve meyvelerdir. Ot obur olan<strong> tesbih b\u00f6cekleri,<\/strong> bu y\u00fczden genellikle zemin katlar\u0131nda g\u00f6r\u00fcl\u00fcrler. En \u00e7ok bah\u00e7e, bodrum katlar\u0131, su giderlerinin oldu\u011fu yerlerde say\u0131lar\u0131 fazlad\u0131r. Di\u011fer t\u00fcrl\u00fc y\u00fcksek katl\u0131 binalarda da g\u00f6r\u00fclmesinin sebebi rutubet nem ve bitkilerin (saks\u0131 \u00e7i\u00e7ekleri vb) nin olmas\u0131ndand\u0131r.<\/p>\n<h2>Tesbih B\u00f6ce\u011fi Nerelerde G\u00f6r\u00fcl\u00fcr<\/h2>\n<p>Evlerde daha \u00e7ok banyo ve mutfak giderleri ile tezg\u00e2h alt, nemli gard\u0131rop ve kanepe arkas\u0131 gibi yerlerde rastlan\u0131l\u0131r. Geceleri g\u00fcvende olduklar\u0131ndan dolay\u0131 a\u00e7\u0131kta dola\u015f\u0131r ve bulduklar\u0131 her \u015feyin i\u00e7ine girip \u00e7\u0131karlar. Su i\u00e7mek i\u00e7in mutfak tezgah\u0131n\u0131n \u00fcst\u00fcnde dola\u015ft\u0131klar\u0131 i\u00e7in kullan\u0131lan tabak ve bardaklarla temas ederler. Tiksindirici bir g\u00f6r\u00fcnt\u00fcleri vard\u0131r. Bunlardan kurtulmak i\u00e7in \u00f6ncelikle rutubet ve nem sorununu gidermek laz\u0131m daha sonra alanda bulunan \u0131slak bitki ve a\u011fa\u00e7 cinsi olan her \u015feyi kald\u0131rmak gerekir. En \u00f6nemlisi do\u011fru ilac\u0131 kullanmakt\u0131r. Yoksa aksi bir durumda yanl\u0131\u015f ila\u00e7 ve ayars\u0131z doz uygulamas\u0131 sonucu \u00f6l\u00fcmc\u00fcl kazalar meydana gelebilir. Kesin ve garantili sonuca ula\u015fmak i\u00e7in sa\u011fl\u0131k bakanl\u0131\u011f\u0131 onayl\u0131 b\u00f6cek ila\u00e7lama firmas\u0131 ile irtibat kurarak yard\u0131m alabilirsiniz. \u0130la\u00e7lama firmas\u0131ndan gelecek uzman personel \u00f6ncelikle ke\u015fif ve sonras\u0131nda da uygulanacak insektisiti kullanarak sorununuzu \u00e7\u00f6zecektir. Detayl\u0131 bilgi ve \u00fccretsiz ke\u015fif i\u00e7in \u00e7a\u011fr\u0131 merkezimizi 7\/24 arayabilirsiniz.<\/p>\n<p>&nbsp;<\/p>\n","protected":false},"excerpt":{"rendered":"<p>Tesbih b\u00f6ce\u011fi kabuklu ve \u00e7ok eklemli olarak di\u011fer b\u00f6cek t\u00fcrlerinden farkl\u0131d\u0131r. Denizde ve karada ya\u015fayanlar olarak ikiye ayr\u0131l\u0131r. V\u00fccut \u00f6l\u00e7\u00fcleri 1 ile 2 cm aras\u0131ndad\u0131r. Gri ve siyah renk tonlar\u0131nda \u00e7ok ayakl\u0131 y\u00fcr\u00fcyen ha\u015fere s\u0131n\u0131f\u0131ndad\u0131r. Tespih b\u00f6ce\u011fi rutubet ve nem ile uyumlu bir ortamda ya\u015farlar. S\u0131cak ve kurak alanlarda g\u00f6r\u00fclmezler. Herhangi bir tehlike sezdiklerinde veya&#8230;<\/p>\n","protected":false},"author":1,"featured_media":0,"parent":0,"menu_order":0,"comment_status":"closed","ping_status":"closed","template":"","meta":{"_joinchat":[],"footnotes":""},"class_list":["post-8224","page","type-page","status-publish","hentry"],"_links":{"self":[{"href":"https:\/\/kocaeli.worldpest.com.tr\/index.php?rest_route=\/wp\/v2\/pages\/8224","targetHints":{"allow":["GET"]}}],"collection":[{"href":"https:\/\/kocaeli.worldpest.com.tr\/index.php?rest_route=\/wp\/v2\/pages"}],"about":[{"href":"https:\/\/kocaeli.worldpest.com.tr\/index.php?rest_route=\/wp\/v2\/types\/page"}],"author":[{"embeddable":true,"href":"https:\/\/kocaeli.worldpest.com.tr\/index.php?rest_route=\/wp\/v2\/users\/1"}],"replies":[{"embeddable":true,"href":"https:\/\/kocaeli.worldpest.com.tr\/index.php?rest_route=%2Fwp%2Fv2%2Fcomments&post=8224"}],"version-history":[{"count":3,"href":"https:\/\/kocaeli.worldpest.com.tr\/index.php?rest_route=\/wp\/v2\/pages\/8224\/revisions"}],"predecessor-version":[{"id":8365,"href":"https:\/\/kocaeli.worldpest.com.tr\/index.php?rest_route=\/wp\/v2\/pages\/8224\/revisions\/8365"}],"wp:attachment":[{"href":"https:\/\/kocaeli.worldpest.com.tr\/index.php?rest_route=%2Fwp%2Fv2%2Fmedia&parent=8224"}],"curies":[{"name":"wp","href":"https:\/\/api.w.org\/{rel}","templated":true}]}}