{"id":8280,"date":"2022-04-27T13:55:43","date_gmt":"2022-04-27T13:55:43","guid":{"rendered":"https:\/\/kocaeli.worldpest.com.tr\/?page_id=8280"},"modified":"2022-05-09T21:16:10","modified_gmt":"2022-05-09T21:16:10","slug":"fabrikalarda-zararli-kontrolu","status":"publish","type":"page","link":"https:\/\/kocaeli.worldpest.com.tr\/?page_id=8280","title":{"rendered":"Fabrikalarda Zararl\u0131 Kontrol\u00fc"},"content":{"rendered":"<h1 style=\"text-align: center;\">FABR\u0130KA \u0130LA\u00c7LAMA<\/h1>\n<p>\u0130yi bir \u00fcretim ve g\u00fcveni bir \u00e7al\u0131\u015fma i\u00e7in b\u00fcy\u00fck sanayi alanlar\u0131nda <strong>fabrika ila\u00e7lama<\/strong> hijyen a\u00e7\u0131s\u0131ndan en \u00f6nemli hususlardan biridir. \u0130\u015fletilen \u00e7e\u015fitli \u00fcr\u00fcnlerden nemalanmak i\u00e7in \u00e7evrede bir\u00e7ok ha\u015fere ge\u00e7i\u015f yollar\u0131 olu\u015fturarak i\u00e7 alanlarda tahribat ve hastal\u0131k ta\u015f\u0131yan vir\u00fcsler yaymaktad\u0131rlar. Bu nedenle fabrika \u00fcretim alanlar\u0131na g\u00f6re, <strong>fabrika ila\u00e7lama<\/strong> konusunda son y\u0131llarda sa\u011fl\u0131k bakanl\u0131\u011f\u0131 ve Tar\u0131m K\u00f6y \u0130\u015fleri Bakanl\u0131\u011f\u0131 bask\u0131s\u0131 artmaktad\u0131r. Bu hizmet i\u00e7erinde b\u00f6cek ila\u00e7lama, sinek ila\u00e7lama ve fare ila\u00e7lama en yayg\u0131n olan ila\u00e7lama t\u00fcrlerindendir.<\/p>\n<h2 style=\"text-align: center;\">Peki neden fabrika ila\u00e7lama ?<\/h2>\n<p>Fabrikalar, d\u00fczenli ve yeterli tedbirlerin al\u0131nmas\u0131 ile periyodik olarak<strong> fabrika ila\u00e7lama<\/strong> ile ya\u015fam ve \u00e7al\u0131\u015fma alanlar\u0131n\u0131 g\u00fcvenilir hale getirmekle birlikte, sa\u011fl\u0131k ko\u015fullar\u0131nda ise gerekli olan uygulamalar\u0131n niteli\u011fini tamamlam\u0131\u015f oldu\u011fundan dolay\u0131 piyasaya kaliteli \u00fcr\u00fcnler sunmaktad\u0131r. <strong>Fabrika ila\u00e7lama<\/strong> taleplerinde daha \u00e7ok s\u0131kl\u0131kla rastlan\u0131lan kemirgen \u015fikayetleri \u00fczerine ba\u015fvurular\u0131n yap\u0131lmas\u0131 ile ha\u015fere s\u0131n\u0131f\u0131nda en tehlikeli listesinde ba\u015fta olan t\u00fcr ile kar\u015f\u0131la\u015fmaktay\u0131z. Fareler, en fazla tahribat ve personel psikolojisi \u00fczerinde olumsuz etki olu\u015fturdu\u011fundan dolay\u0131 art\u0131k b\u00fcy\u00fck bir sorun haline gelmi\u015ftir. Bununla birlikte di\u011fer haz\u0131r g\u0131da \u00fcretim alanlar\u0131ndan ise hamam b\u00f6cekleri, sinek ve \u00fcr\u00fcnleri bozmaya ba\u015flayan g\u00fcve-kurt\u00e7uklar olu\u015fumudur. Yap\u0131lan Ha\u015fereye y\u00f6nelik Sa\u011fl\u0131k Bakanl\u0131\u011f\u0131 taraf\u0131ndan kabul g\u00f6r\u00fclen ve \u015firketimizin de uzman personellerin de belirlemi\u015f oldu\u011fu; rodentisit, insektisit, larvasit ve jel form\u00fclasyonlu ila\u00e7lar\u0131n kullan\u0131m\u0131 ile k\u0131sa s\u00fcrede ha\u015fere yay\u0131l\u0131m\u0131 durdurularak kontrol alt\u0131na al\u0131nmaktad\u0131r.<\/p>\n<pre>Fabrika ila\u00e7lama da yap\u0131lacak \u00f6nemli ila\u00e7lamalar<\/pre>\n<p>*D\u0131\u015f alanlara kemirgen istasyonlar\u0131 e\u015fit mesafede b\u0131rak\u0131larak kemirgenlerin i\u00e7 alana ge\u00e7i\u015fleri durdurulmaktad\u0131r.<br \/>\n*Hamam b\u00f6cekleri i\u00e7in ise \u00fcretim alan\u0131 ve stok alanlar\u0131na yemleme usul\u00fc jel ila\u00e7lama yap\u0131larak k\u0131sa s\u00fcrede tamam\u0131 kontrol alt\u0131na al\u0131nmaktad\u0131r.<br \/>\n*Di\u011fer u\u00e7an ve y\u00fcr\u00fcyen ha\u015fereler i\u00e7i ise s\u0131v\u0131 insektisitler p\u00fclverizat\u00f6r ile p\u00fcsk\u00fcrtme yap\u0131larak hemen kontrol sa\u011flamaktad\u0131r<\/p>\n<h3 style=\"text-align: center;\">Fabrika ila\u00e7lama\u00a0nas\u0131l yap\u0131l\u0131r<\/h3>\n<p><strong>Fabrika ila\u00e7lama<\/strong> esnas\u0131nda \u00e7al\u0131\u015fan \u00fcretim, ofis ve di\u011fer saha personellerinin i\u015flerine ara vermeden devam edebilirler. Tamam\u0131yla kokusuz, renksiz ve insan sa\u011fl\u0131\u011f\u0131na zarar vermeyen ev tipi ila\u00e7lard\u0131r.Bu konuda destek ve bilgi almak i\u00e7in firmam\u0131zdan \u00fccretsiz ke\u015fif talep ederek, i\u015f yerinizde yap\u0131lan incelemeler sonras\u0131nda <strong>fabrika ila\u00e7lama<\/strong> plan\u0131 olu\u015fturulacakt\u0131r.<\/p>\n","protected":false},"excerpt":{"rendered":"<p>FABR\u0130KA \u0130LA\u00c7LAMA \u0130yi bir \u00fcretim ve g\u00fcveni bir \u00e7al\u0131\u015fma i\u00e7in b\u00fcy\u00fck sanayi alanlar\u0131nda fabrika ila\u00e7lama hijyen a\u00e7\u0131s\u0131ndan en \u00f6nemli hususlardan biridir. \u0130\u015fletilen \u00e7e\u015fitli \u00fcr\u00fcnlerden nemalanmak i\u00e7in \u00e7evrede bir\u00e7ok ha\u015fere ge\u00e7i\u015f yollar\u0131 olu\u015fturarak i\u00e7 alanlarda tahribat ve hastal\u0131k ta\u015f\u0131yan vir\u00fcsler yaymaktad\u0131rlar. Bu nedenle fabrika \u00fcretim alanlar\u0131na g\u00f6re, fabrika ila\u00e7lama konusunda son y\u0131llarda sa\u011fl\u0131k bakanl\u0131\u011f\u0131 ve Tar\u0131m&#8230;<\/p>\n","protected":false},"author":1,"featured_media":0,"parent":0,"menu_order":0,"comment_status":"closed","ping_status":"closed","template":"","meta":{"_joinchat":[],"footnotes":""},"class_list":["post-8280","page","type-page","status-publish","hentry"],"_links":{"self":[{"href":"https:\/\/kocaeli.worldpest.com.tr\/index.php?rest_route=\/wp\/v2\/pages\/8280","targetHints":{"allow":["GET"]}}],"collection":[{"href":"https:\/\/kocaeli.worldpest.com.tr\/index.php?rest_route=\/wp\/v2\/pages"}],"about":[{"href":"https:\/\/kocaeli.worldpest.com.tr\/index.php?rest_route=\/wp\/v2\/types\/page"}],"author":[{"embeddable":true,"href":"https:\/\/kocaeli.worldpest.com.tr\/index.php?rest_route=\/wp\/v2\/users\/1"}],"replies":[{"embeddable":true,"href":"https:\/\/kocaeli.worldpest.com.tr\/index.php?rest_route=%2Fwp%2Fv2%2Fcomments&post=8280"}],"version-history":[{"count":3,"href":"https:\/\/kocaeli.worldpest.com.tr\/index.php?rest_route=\/wp\/v2\/pages\/8280\/revisions"}],"predecessor-version":[{"id":8422,"href":"https:\/\/kocaeli.worldpest.com.tr\/index.php?rest_route=\/wp\/v2\/pages\/8280\/revisions\/8422"}],"wp:attachment":[{"href":"https:\/\/kocaeli.worldpest.com.tr\/index.php?rest_route=%2Fwp%2Fv2%2Fmedia&parent=8280"}],"curies":[{"name":"wp","href":"https:\/\/api.w.org\/{rel}","templated":true}]}}